se -2*u + 0 = -8. Suppose y = -u*y. What is the units digit of 8/4 - (1 + y)?
1
Suppose -8*l = -15*l + 777. What is the tens digit of l?
1
Let b be -4*(-3)/(-6) + 4. Let o = -3 - -8. Suppose b*f = f + o. What is the units digit of f?
5
Suppose -6*m = 2*m - 888. What is the units digit of m?
1
Let d = -1 - -3. What is the units digit of (-6)/(d*(-9)/48)?
6
Suppose -b + 45 - 12 = 0. What is the units digit of b?
3
Suppose 3*z - 90 = -2*z. Let m be (-4)/z + (-114)/(-27). Suppose m*a = 2*a + 16. What is the units digit of a?
8
What is the tens digit of ((-588)/18)/(6/(-9))?
4
Let x = -343 + 803. What is the units digit of x?
0
Let w(p) = 2*p + 3. Let r(j) = j. Let i be r(-3). Let x be w(i). Let z = x + 12. What is the units digit of z?
9
Suppose 0*x - x + 30 = 0. Suppose p - x + 7 = 0. What is the units digit of p?
3
Let q(l) = l**3 + 9*l**2 + 8*l. Let n be q(-8). Suppose -5*h + 2 = u + 7, n = -3*u - 5*h + 5. What is the units digit of u?
5
Let u be -8 - -7 - (-6)/2. Let x be (-1)/(-1) + (0 - u). What is the units digit of ((-2)/2 - -3) + x?
1
Suppose 4*t + 27 = 67. What is the tens digit of t?
1
Let j(h) = h**3 - 6*h**2 + h - 1. Suppose 0 = b - 1 - 5. Let r be j(b). Let l(k) = -k**3 + 5*k**2 + k - 4. What is the units digit of l(r)?
1
Suppose -5*g - 15 = -105. What is the tens digit of g?
1
Let g = 8 + -7. Let w = g - -8. What is the units digit of w?
9
Let r = 1 - -1. Let h = -15 - -16. Suppose 3*m - 17 = -q, -m + 0*m - r*q = h. What is the units digit of m?
7
Let a(b) = -5*b. Suppose -3 = 2*k - 1. Let o be a(k). Suppose -o*f + 9 = -46. What is the units digit of f?
1
Let z(m) = -m - 2 + 0*m - 1 - 1. Let p be z(-5). What is the tens digit of -1*p + (21 - 7)?
1
Let b(h) = 26*h + 1. Suppose -5*k + 3 + 2 = 0. What is the units digit of b(k)?
7
Let x(w) be the second derivative of w**4/12 + 2*w**3/3 - 7*w**2/2 - 4*w. What is the units digit of x(-7)?
4
Let s(o) = 2*o**2 + 17*o - 29. What is the units digit of s(-15)?
6
Let v be (-4)/18 - (-44)/36. Let b(z) be the third derivative of z**4/8 + z**3/6 + 2*z**2. What is the units digit of b(v)?
4
What is the units digit of 51 - (-1 + -3) - -1?
6
Let p = -7 - -6. What is the units digit of (2 - 1)*23 + p?
2
Let o = 20 + -15. Let l = o - 4. What is the units digit of l?
1
What is the units digit of (3 - (-4 - -7)) + 17?
7
Let m(u) = 2*u**3 + 6*u**2 - u - 5. Let f be m(-4). Let n = 53 + f. What is the tens digit of n?
2
Suppose -2*m + 4 = 0, 2*z - 5*z + m = -250. What is the tens digit of z?
8
Let r = -1 + 3. Let u be (-1 - -3)/(r + 0). Let f = 9 - u. What is the units digit of f?
8
Let z = 22 - -130. What is the units digit of z?
2
Let z(d) = d**2 - 9*d - 1. Let n be z(9). What is the units digit of (3 - 1/n)/1?
4
Let q(p) = p - 8. Let u be q(-6). What is the units digit of ((-21)/u)/((-2)/(-20))?
5
What is the tens digit of ((-45)/18)/((-2)/24)?
3
Let d = 82 + -47. What is the tens digit of d?
3
Let s(i) = 4*i - 1. Let g be s(1). Let z = -4 - -13. What is the units digit of 1 + (z/1)/g?
4
Suppose -2*m + 388 = 4*a, -2*a = m - 2*m + 174. What is the tens digit of m?
8
Let r = 535 + -357. What is the tens digit of r?
7
Let a(z) = z**3 + 5*z**2 + 3*z. Let y be a(-4). Suppose -2*b = f - 34, -4*f - y = -4*b + 64. What is the units digit of b?
7
Let r(g) = 5*g**2. Let t be r(-2). Suppose -n = -t - 13. What is the tens digit of n?
3
Suppose 0 = 3*f + 5*g, 0 = 2*f - 3*f + 2*g + 11. What is the tens digit of (-82)/(-5) - 2/f?
1
Suppose y + b - 251 = -2*b, y + 2*b = 250. What is the units digit of y?
8
Let t(c) = -c**3 - c**2 + c + 1. Let x(u) = -u**2 + 2. Let r be x(-2). What is the units digit of t(r)?
3
Let y = -4 - -8. Suppose 0 = -y*x + 6*x - 24. What is the tens digit of x?
1
Let n be (-1 + -13)/(-6 - -4). Suppose 69 = 4*r - 2*q + n, -4*r + 4*q + 72 = 0. What is the tens digit of r?
1
Suppose -84 = -5*t + 4*w, 5*t - 86 = -3*w - 9. Let h = 0 + t. Suppose 0 = 2*v - 0*v - h. What is the units digit of v?
8
What is the tens digit of 1364/20 - 4/20?
6
Let u(r) = 2*r + 3. What is the units digit of u(3)?
9
Suppose -62 = -a - 3*a + 2*d, -5*a + 50 = 3*d. What is the tens digit of a?
1
Let j = -3 - -3. Suppose j = -2*o - 3*b + 26, b - 3*b - 36 = -4*o. What is the units digit of o?
0
Let t(z) = -z**3 - 10*z**2 + 10*z. What is the units digit of t(-11)?
1
Let m = 11 + 0. Suppose 1 = 4*b - m. What is the units digit of b?
3
Let m be (-6)/(-3) - 0 - -102. Suppose -3*j - j + m = 0. What is the units digit of j?
6
Let z(t) = t**2 + 5*t + 7. Let h be z(-5). Let r = -3 + h. What is the units digit of r?
4
Suppose 0 = -5*i + i + 60. Let c = i - 10. Suppose c*f - 66 = -4*a + 3*f, 3*a + 5*f - 67 = 0. What is the units digit of a?
4
What is the units digit of 23/2*6/3?
3
Let l be ((-14)/(-4))/((-5)/50). What is the units digit of (-6)/(-21) - 900/l?
6
Let r(a) = a**2 - 7*a - 12. What is the units digit of r(-3)?
8
Suppose 0 = 7*y - 551 - 72. What is the tens digit of y?
8
What is the units digit of 9/6 - 12/(-8)?
3
Suppose 3*g - 33 = -6. Suppose -5*f + 0*f = 25. Let p = g + f. What is the units digit of p?
4
Suppose 0 = j - 5*t - 57, -t - 104 = -5*j + 61. Let m = j + -23. What is the units digit of m?
9
Suppose -z = -2*h + 3, h = -2*h + 9. Let x be 1/(-5) + (-21)/(-5). Suppose 3*s - x*w - 26 = 0, -2*s - z + 25 = -5*w. What is the units digit of s?
6
Let o = -25 + 42. Suppose -5*q = -f + 41, q - 2*q - 2*f - o = 0. Let m = 14 + q. What is the units digit of m?
5
Let k = 1 + -2. What is the units digit of (24/(2 - 5))/k?
8
Let o = 5 + 1. What is the units digit of (20/15)/(2/o)?
4
Let x(u) = -u**3 + 15*u**2 - 12*u + 4. What is the tens digit of x(14)?
3
Let t(p) = -p**2 + 8*p + 7. Let v = -41 + 81. Suppose -3*f - 2*f = -v. What is the units digit of t(f)?
7
Let h(g) = -g**2 - 21. Let m be h(0). Let x = m + 34. What is the tens digit of x?
1
Let w = -7 + 9. Suppose 0 = -l - w*u - u, 4*u = -3*l + 5. Suppose -3*p + 6 = -l. What is the units digit of p?
3
Let a = 15 - -4. What is the units digit of a?
9
Let b = -4 - -6. Suppose -3*g = j + 5, 5*j + g + 15 = b*j. Let z = -3 - j. What is the units digit of z?
2
Suppose 3*p + 4*d + 1 + 9 = 0, -5*p - 5*d - 10 = 0. Suppose -2*f = p*f. Suppose f = -g + 1 - 4, h - 28 = 2*g. What is the units digit of h?
2
Suppose -5*t - 30 = -6*t. What is the tens digit of t?
3
Let u be (-12)/(-9)*(-9)/(-2). Let j = u + -2. Suppose 0 = -j*t - 1 + 17. What is the units digit of t?
4
Suppose 5*x - 3*f = 9, -5*x + 1 = 5*f + 16. Suppose x*j - 3*a + 148 = 4*j, a + 166 = 5*j. What is the units digit of j?
4
Let a(d) = 2*d**2 + 5*d + 2. Let q(n) = n**3 + 8*n**2 - n - 11. Let f be q(-8). Let i be a(f). Suppose 4*g + i - 61 = 0. What is the tens digit of g?
1
Let c be 3/(-2) + (-3)/(-2). Suppose -2 + c = -2*p. What is the units digit of p?
1
Let v = 4 + -6. Let q = v - -5. What is the units digit of 11/4 - q/(-12)?
3
Suppose 2*h = 3*a - 740, -5*a + h = -368 - 863. What is the tens digit of a?
4
Suppose 5*t = 0, 7*k - 3*k + 5*t = 0. Let n be ((-1)/1 - k)*-2. Suppose 3*x - 5*w - 12 = x, n*x = 2*w + 6. What is the units digit of x?
1
Let z(o) = 0*o + 3 - o - 5*o - o**2. Let d be z(-6). Suppose -4*h = 5*u + 2 + 4, -4*u - d*h - 4 = 0. What is the units digit of u?
2
Suppose 10*l = 2*l + 104. What is the tens digit of l?
1
Suppose 0 = x - 24. Let w be 4/(x/(-9))*-4. Let l(c) = c**3 - 6*c**2 + c + 8. What is the tens digit of l(w)?
1
Suppose -144 = -14*z + 5*z. What is the units digit of z?
6
Let r(o) = -3*o - 3. Let w be r(-2). Suppose -w*c - 9 = -0*c, -x - c = 1. Suppose 0 = x*j - 7 - 9. What is the units digit of j?
8
Suppose -6 = 5*l - 4*c, 0*c + 14 = 5*l + c. Let n(i) = 8*i**l + 2*i + 0*i - i + 0*i. What is the units digit of n(1)?
9
Suppose 0 = o - 4 + 1. Let s(c) = -c**3 + 4*c**2 - c + 1. Let w be s(o). What is the units digit of (-1)/1 + 1 + w?
7
Suppose -2*z - 7*n = -2*n - 15, 0 = 5*z + 5*n - 15. Suppose -v + z*v + 3 = 0. Suppose s + 11 = -s + v*i, -5*s - i + 15 = 0. What is the units digit of s?
2
Let y = 3 - -2. Suppose -2*o + 75 = y*s + o, -5*s = -3*o - 105. What is the units digit of s?
8
Suppose 4*v + 4 = 0, -1 = -f - 2*v + 14. Suppose 0 = -5*r + 18 + f. What is the units digit of r?
7
Suppose 45 = 5*a - 90. Suppose 5*h - 3 = a. What is the units digit of h?
6
Let f = -5 + 27. What is the tens digit of f?
2
